{"version":"1.0","provider_name":"GTTAP","provider_url":"https:\/\/trail-aneto.com\/en\/","title":"Cena de la Monta\u00f1a de la FAM - GTTAP","type":"rich","width":600,"height":338,"html":"<blockquote class=\"wp-embedded-content\" data-secret=\"0hqnLt4LK0\"><a href=\"https:\/\/trail-aneto.com\/en\/cena-de-la-montana-de-la-fam\/\">FAM Mountain Dinner<\/a><\/blockquote><iframe sandbox=\"allow-scripts\" security=\"restricted\" src=\"https:\/\/trail-aneto.com\/en\/cena-de-la-montana-de-la-fam\/embed\/#?secret=0hqnLt4LK0\" width=\"600\" height=\"338\" title=\"&#8220;Cena de la Monta\u00f1a de la FAM&#8221; &#8212; GTTAP\" data-secret=\"0hqnLt4LK0\" frameborder=\"0\" marginwidth=\"0\" marginheight=\"0\" scrolling=\"no\" class=\"wp-embedded-content\"><\/iframe><script type=\"text\/javascript\">\n\/* <![CDATA[ *\/\n\/*! This file is auto-generated *\/\n!function(d,l){\"use strict\";l.querySelector&&d.addEventListener&&\"undefined\"!=typeof URL&&(d.wp=d.wp||{},d.wp.receiveEmbedMessage||(d.wp.receiveEmbedMessage=function(e){var t=e.data;if((t||t.secret||t.message||t.value)&&!\/[^a-zA-Z0-9]\/.test(t.secret)){for(var s,r,n,a=l.querySelectorAll('iframe[data-secret=\"'+t.secret+'\"]'),o=l.querySelectorAll('blockquote[data-secret=\"'+t.secret+'\"]'),c=new RegExp(\"^https?:$\",\"i\"),i=0;i<o.length;i++)o[i].style.display=\"none\";for(i=0;i<a.length;i++)s=a[i],e.source===s.contentWindow&&(s.removeAttribute(\"style\"),\"height\"===t.message?(1e3<(r=parseInt(t.value,10))?r=1e3:~~r<200&&(r=200),s.height=r):\"link\"===t.message&&(r=new URL(s.getAttribute(\"src\")),n=new URL(t.value),c.test(n.protocol))&&n.host===r.host&&l.activeElement===s&&(d.top.location.href=t.value))}},d.addEventListener(\"message\",d.wp.receiveEmbedMessage,!1),l.addEventListener(\"DOMContentLoaded\",function(){for(var e,t,s=l.querySelectorAll(\"iframe.wp-embedded-content\"),r=0;r<s.length;r++)(t=(e=s[r]).getAttribute(\"data-secret\"))||(t=Math.random().toString(36).substring(2,12),e.src+=\"#?secret=\"+t,e.setAttribute(\"data-secret\",t)),e.contentWindow.postMessage({message:\"ready\",secret:t},\"*\")},!1)))}(window,document);\n\/\/# sourceURL=https:\/\/trail-aneto.com\/wp-includes\/js\/wp-embed.min.js\n\/* ]]> *\/\n<\/script>","thumbnail_url":"https:\/\/trail-aneto.com\/wp-content\/uploads\/2020\/02\/73216147_2991127067567290_7263972213701738496_n.jpg","thumbnail_width":960,"thumbnail_height":640,"description":"Este pasado viernes 25 de octubre se celebr\u00f3 la XXIV Cena de la Monta\u00f1a de la Federaci\u00f3n Aragonesa de Monta\u00f1a, donde los clubes voluntarios del Gran Trail Aneto Posets recogieron el premio FIATC a los Valores Humanos. Aprovechamos para agradecer a todos los clubs colaboradores..."}

Cena de la Montaña de la FAM - GTTAP

<blockquote class="wp-embedded-content" data-secret="0hqnLt4LK0"><a href="https://trail-aneto.com/en/cena-de-la-montana-de-la-fam/">FAM Mountain Dinner</a></blockquote><iframe sandbox="allow-scripts" security="restricted" src="https://trail-aneto.com/en/cena-de-la-montana-de-la-fam/embed/#?secret=0hqnLt4LK0" width="600" height="338" title="&#8220;Cena de la Montaña de la FAM&#8221; &#8212; GTTAP" data-secret="0hqnLt4LK0" frameborder="0" marginwidth="0" marginheight="0" scrolling="no" class="wp-embedded-content"></iframe><script type="text/javascript">
/* <![CDATA[ */
/*! This file is auto-generated */
!function(d,l){"use strict";l.querySelector&&d.addEventListener&&"undefined"!=typeof URL&&(d.wp=d.wp||{},d.wp.receiveEmbedMessage||(d.wp.receiveEmbedMessage=function(e){var t=e.data;if((t||t.secret||t.message||t.value)&&!/[^a-zA-Z0-9]/.test(t.secret)){for(var s,r,n,a=l.querySelectorAll('iframe[data-secret="'+t.secret+'"]'),o=l.querySelectorAll('blockquote[data-secret="'+t.secret+'"]'),c=new RegExp("^https?:$","i"),i=0;i<o.length;i++)o[i].style.display="none";for(i=0;i<a.length;i++)s=a[i],e.source===s.contentWindow&&(s.removeAttribute("style"),"height"===t.message?(1e3<(r=parseInt(t.value,10))?r=1e3:~~r<200&&(r=200),s.height=r):"link"===t.message&&(r=new URL(s.getAttribute("src")),n=new URL(t.value),c.test(n.protocol))&&n.host===r.host&&l.activeElement===s&&(d.top.location.href=t.value))}},d.addEventListener("message",d.wp.receiveEmbedMessage,!1),l.addEventListener("DOMContentLoaded",function(){for(var e,t,s=l.querySelectorAll("iframe.wp-embedded-content"),r=0;r<s.length;r++)(t=(e=s[r]).getAttribute("data-secret"))||(t=Math.random().toString(36).substring(2,12),e.src+="#?secret="+t,e.setAttribute("data-secret",t)),e.contentWindow.postMessage({message:"ready",secret:t},"*")},!1)))}(window,document);
//# sourceURL=https://trail-aneto.com/wp-includes/js/wp-embed.min.js
/* ]]> */
</script>

Este pasado viernes 25 de octubre se celebró la XXIV Cena de la Montaña de la Federación Aragonesa de Montaña, donde los clubes voluntarios del Gran Trail Aneto Posets recogieron el premio FIATC a los Valores Humanos. Aprovechamos para agradecer a todos los clubs colaboradores...
